{"id":41,"date":"2020-09-28T10:00:33","date_gmt":"2020-09-28T10:00:33","guid":{"rendered":"http:\/\/www.elegalia.com\/golf\/conectar\/"},"modified":"2022-10-05T10:38:40","modified_gmt":"2022-10-05T10:38:40","slug":"conectar","status":"publish","type":"page","link":"http:\/\/www.elegalia.com\/golf\/conectar\/","title":{"rendered":"Conectar"},"content":{"rendered":"\n<h2 class=\"has-text-align-center\">Contactemos<\/h2>\n\n\n\n<p class=\"has-text-align-center\"><a href=\"http:\/\/vgrn.pruebas.witei.com\/contact\/\" target=\"_blank\" rel=\"noreferrer noopener\">\u00bfC\u00f3mo est\u00e1s? \u00a1Ese ser maravilloso y fabuloso que eres t\u00fa!\u00a0Si quieres ponerte en contacto con nosotros , no dudes en llamarnos  al (+34 658 603057) , o env\u00eda un mensaje con el formulario que aparece m\u00e1s abajo. Sea como fuere, \u00a1Nos pondremos en contacto contigo en breve! Podemos concertar cita presencial o por Videoconferencia a tu elecci\u00f3n. Si deseas que te contactemos por tel\u00e9fono, incluye tu n\u00famero en el cuerpo del mensaje. Si te apetece que te localicemos tu propiedad s\u00f3lo tienes que llamar o contactarme.  \u00a1Feliz d\u00eda.!<\/a><\/p>\n\n\n\n\t\t<div class=\"coblocks-form\" id=\"e407aadb29c07fef2cb0196d1ab70ee8123ae963\">\n\n\t\t\t\n\t\t\t<form action=\"http:\/\/www.elegalia.com\/golf\/conectar\/#e407aadb29c07fef2cb0196d1ab70ee8123ae963\" method=\"post\">\n\t\t\t\t\n\n\t\t<div class=\"coblocks-form__submit wp-block-button\">\n\t\t\t<button type=\"submit\" class=\"wp-block-button__link\" style=\"\">Conecta con nosotros<\/button>\n\t\t\t<input type=\"hidden\" id=\"form-submit\" name=\"form-submit\" value=\"f4e95565c9\" \/><input type=\"hidden\" name=\"_wp_http_referer\" value=\"\/golf\/wp-json\/wp\/v2\/pages\/41\" \/>\t\t\t<input type=\"hidden\" name=\"action\" value=\"coblocks-form-submit\">\n\n\t\t\t\t\t<\/div>\n\n\t\t\n\t\t\t\t<input class=\"coblocks-field verify\" type=\"email\" name=\"coblocks-verify-email\" autocomplete=\"off\" placeholder=\"Correo electr\u00f3nico\" tabindex=\"-1\">\n\t\t\t\t<input type=\"hidden\" name=\"form-hash\" value=\"e407aadb29c07fef2cb0196d1ab70ee8123ae963\">\n\n\t\t\t\t\t\t\t<\/form>\n\n\t\t<\/div>\n\n\t\t\n\n\n<div class=\"wp-block-coblocks-services alignwide is-style-circle\"><div class=\"is-style-circle has-columns has-3-columns has-responsive-columns has-medium-gutter\">\n<div class=\"wp-block-coblocks-service\"><figure class=\"wp-block-coblocks-service__figure\"><img decoding=\"async\" src=\"http:\/\/www.elegalia.com\/golf\/wp-content\/uploads\/2020\/09\/contact-image-1.jpg\" alt=\"Descripci\u00f3n de la imagen\"\/><\/figure><div class=\"wp-block-coblocks-service__content\">\n<p class=\"has-text-align-center\"><em>&#8220;Es una nueva oportunidad empezar de cero y una nueva foto de mi vida y mi familia&#8221;<\/em><\/p>\n\n\n\n<p class=\"has-text-align-center\">&#8211; Marina H.<\/p>\n<\/div><\/div>\n\n\n\n<div class=\"wp-block-coblocks-service\"><figure class=\"wp-block-coblocks-service__figure\"><img decoding=\"async\" src=\"http:\/\/www.elegalia.com\/golf\/wp-content\/uploads\/2020\/09\/contact-image-2.jpg\" alt=\"Descripci\u00f3n de la imagen\"\/><\/figure><div class=\"wp-block-coblocks-service__content\">\n<p class=\"has-text-align-center\"><em>&#8220;Son los mejores abogados en Espa\u00f1a.Les dedico nuestra boda. Ellos lo hicieron posible.&#8221;<\/em><\/p>\n\n\n\n<p class=\"has-text-align-center\">&#8211; Susana V.<\/p>\n<\/div><\/div>\n\n\n\n<div class=\"wp-block-coblocks-service\"><figure class=\"wp-block-coblocks-service__figure\"><img decoding=\"async\" src=\"http:\/\/www.elegalia.com\/golf\/wp-content\/uploads\/2020\/09\/contact-image-3.jpg\" alt=\"Descripci\u00f3n de la imagen\"\/><\/figure><div class=\"wp-block-coblocks-service__content\">\n<p class=\"has-text-align-center\"><em>&#8220;Gracias a vosotros he conseguido volver a ser, vivir, y rehacer mi vida. Sois unos \u00e1ngeles.&#8221;<\/em><\/p>\n\n\n\n<p class=\"has-text-align-center\">&#8211; Maite S.<\/p>\n<\/div><\/div>\n<\/div><\/div>\n","protected":false},"excerpt":{"rendered":"<p>Contactemos \u00bfC\u00f3mo est\u00e1s? \u00a1Ese ser maravilloso y fabuloso que eres t\u00fa!\u00a0Si quieres ponerte en contacto con nosotros , no dudes en llamarnos al (+34 658 603057) , o env\u00eda un mensaje con el formulario que aparece m\u00e1s abajo. Sea como fuere, \u00a1Nos pondremos en contacto contigo en breve! Podemos concertar cita presencial o por Videoconferencia &hellip; <\/p>\n<p class=\"link-more\"><a href=\"http:\/\/www.elegalia.com\/golf\/conectar\/\" class=\"more-link\">Continuar leyendo<span class=\"screen-reader-text\"> &#8220;Conectar&#8221;<\/span><\/a><\/p>\n","protected":false},"author":1,"featured_media":0,"parent":0,"menu_order":0,"comment_status":"closed","ping_status":"closed","template":"","meta":{"_coblocks_attr":"","_coblocks_dimensions":"","_coblocks_responsive_height":"","_coblocks_accordion_ie_support":""},"_links":{"self":[{"href":"http:\/\/www.elegalia.com\/golf\/wp-json\/wp\/v2\/pages\/41"}],"collection":[{"href":"http:\/\/www.elegalia.com\/golf\/wp-json\/wp\/v2\/pages"}],"about":[{"href":"http:\/\/www.elegalia.com\/golf\/wp-json\/wp\/v2\/types\/page"}],"author":[{"embeddable":true,"href":"http:\/\/www.elegalia.com\/golf\/wp-json\/wp\/v2\/users\/1"}],"replies":[{"embeddable":true,"href":"http:\/\/www.elegalia.com\/golf\/wp-json\/wp\/v2\/comments?post=41"}],"version-history":[{"count":7,"href":"http:\/\/www.elegalia.com\/golf\/wp-json\/wp\/v2\/pages\/41\/revisions"}],"predecessor-version":[{"id":242,"href":"http:\/\/www.elegalia.com\/golf\/wp-json\/wp\/v2\/pages\/41\/revisions\/242"}],"wp:attachment":[{"href":"http:\/\/www.elegalia.com\/golf\/wp-json\/wp\/v2\/media?parent=41"}],"curies":[{"name":"wp","href":"https:\/\/api.w.org\/{rel}","templated":true}]}}